{"id":783,"date":"2021-08-12T16:27:21","date_gmt":"2021-08-12T16:27:21","guid":{"rendered":"http:\/\/localhost:8888\/wordpress\/?page_id=783"},"modified":"2026-02-04T17:35:40","modified_gmt":"2026-02-04T17:35:40","slug":"free-to-read","status":"publish","type":"page","link":"https:\/\/www.whpress.co.uk\/publications\/free-to-read\/","title":{"rendered":"FREE TO READ"},"content":{"rendered":"\n<div style=\"height:10px\" aria-hidden=\"true\" class=\"wp-block-spacer\"><\/div>\n\n\n\n<h3 class=\"wp-block-heading\"><strong>BOOKS<\/strong><\/h3>\n\n\n\n<p>All of our new and forthcoming books, and some of our older ones, are <a href=\"https:\/\/www.whpress.co.uk\/publications\/books\/open-access-books\/\">Open Access and free for anyone to read<\/a>.<\/p>\n\n\n\n<div style=\"height:10px\" aria-hidden=\"true\" class=\"wp-block-spacer\"><\/div>\n\n\n\n<h3 class=\"wp-block-heading\"><strong>JOURNALS<\/strong><\/h3>\n\n\n\n<h3 class=\"wp-block-heading\">Open Access Journals<\/h3>\n\n\n\n<p>Our newest journals, <em><a href=\"https:\/\/www.whpress.co.uk\/JPS.html\">The Journal of Population and Sustainability<\/a><\/em>, <a href=\"https:\/\/www.whpress.co.uk\/WW.html\"><em>Worldwide Waste<\/em><\/a> and <em><a href=\"https:\/\/www.whpress.co.uk\/PP.html\">Plant Perspectives<\/a><\/em>, are entirely Open Access.<\/p>\n\n\n\n<p>Two of our more established journals, <a href=\"https:\/\/whpress.co.uk\/GE.html\"><em>Global Environment<\/em><\/a> and <em><a href=\"https:\/\/whpress.co.uk\/NP.html\">Nomadic Peoples<\/a><\/em>, are also now publishing on an Open Access basis via <a href=\"https:\/\/www.whpress.co.uk\/publications\/2886-2\/\">Subscribe to Open<\/a>.<\/p>\n\n\n\n<div style=\"height:10px\" aria-hidden=\"true\" class=\"wp-block-spacer\"><\/div>\n\n\n\n<h3 class=\"wp-block-heading\">Hybrid Journals<\/h3>\n\n\n\n<h4 class=\"wp-block-heading\"><em>Environmental Values<\/em><\/h4>\n\n\n\n<p>This title is now published on our behalf by SAGE. A number of articles in <em>Environmental Values<\/em> are open access. These can now be found on <a href=\"https:\/\/journals.sagepub.com\/home\/ENV\">SAGE&#8217;s website<\/a>.<\/p>\n\n\n\n<div style=\"height:5px\" aria-hidden=\"true\" class=\"wp-block-spacer\"><\/div>\n\n\n\n<h4 class=\"wp-block-heading\"><em>Environment and History<\/em><\/h4>\n\n\n\n<p>The one remaining hybrid journal we publish ourselves, <em><a href=\"https:\/\/whpress.co.uk\/EH.html\">Environment and History<\/a><\/em>, normally charges for access to research articles, but authors can pay to publish their articles as Open Access under a Creative Commons CC BY 4.0 Licence. This means they are free for anyone to read and copy, in perpetuity. For more details see our &#8216;<a href=\"http:\/\/www.whpress.co.uk\/publications\/publishing-with-whp\/\" data-type=\"page\" data-id=\"823\">For Authors<\/a>&#8216; page. Published Open Access articles are listed here:<\/p>\n\n\n\n<p><a href=\"https:\/\/www.doi.org\/10.3197\/096734013X13642082568651\">Flood Security in the Medieval and Early Modern North Sea Area: A Question of Entitlement?<\/a> Tim Soens<\/p>\n\n\n\n<p><a href=\"https:\/\/doi.org\/10.3197\/096734015X14345369355746\" data-type=\"URL\" data-id=\"https:\/\/doi.org\/10.3197\/096734015X14345369355746\">Forced Solidarity: Maintenance of Coastal Defences Along the North Sea Coast in the Early Modern Period<\/a> Milja van Tielhof<\/p>\n\n\n\n<p><a href=\"https:\/\/doi.org\/10.3197\/096734016X14574329314407\" data-type=\"URL\" data-id=\"https:\/\/doi.org\/10.3197\/096734016X14574329314407\">Faire mieux que la nature? The History of Eel Restocking in Europe<\/a> Willem Dekker and Laurent Beaulaton<\/p>\n\n\n\n<p><a href=\"https:\/\/doi.org\/10.3197\/096734017X14979473873885\" data-type=\"URL\" data-id=\"https:\/\/doi.org\/10.3197\/096734017X14979473873885\">Regional Planning in a Decentralised State: How Administrative Practices contributed to Consensus-Building in Sixteenth-Century Holland<\/a> Milja van Tielhof<\/p>\n\n\n\n<p><a href=\"https:\/\/doi.org\/10.3197\/096734017X14979473873902\" data-type=\"URL\" data-id=\"https:\/\/doi.org\/10.3197\/096734017X14979473873902\">&#8216;Public Interest&#8217; as a Basis for Early Modern State-Society Interactions: Water Control Projects in Qing China, 1750-1850<\/a> Wenkai He<\/p>\n\n\n\n<p><a href=\"https:\/\/doi.org\/10.3197\/096734018X15137949591837\" data-type=\"URL\" data-id=\"https:\/\/doi.org\/10.3197\/096734018X15137949591837\">&#8216;The Lungs of the City&#8217;: Green Space, Public Health and Bodily Metaphor in the Landscape of Urban Park History<\/a> Karen R. Jones<\/p>\n\n\n\n<p><a href=\"https:\/\/doi.org\/10.3197\/096734018X15137949591846\" data-type=\"URL\" data-id=\"https:\/\/doi.org\/10.3197\/096734018X15137949591846\">Curiosity and Instruction: British and Irish Botanic Gardens and their Audiences, 1760-1800<\/a> Clare Hickman<\/p>\n\n\n\n<p><a href=\"https:\/\/doi.org\/10.3197\/096734018X15254461646495\" data-type=\"URL\" data-id=\"https:\/\/doi.org\/10.3197\/096734018X15254461646495\">&#8216;Living in a State of Filth and Indifference to \u2026 Their Health&#8217;: Weather, Public Health and Urban Governance in Colonial George Town, Penang<\/a> Fiona Williamson and Katrina Proust<\/p>\n\n\n\n<p><a href=\"https:\/\/doi.org\/10.3197\/096734020X15900760737202\">Oceans and Landless Farms: Linking Southern and Northern Shadow Places of Industrial Livestock (1954-1975)<\/a> Floor Haalboom<\/p>\n\n\n\n<p><a href=\"https:\/\/doi.org\/10.3197\/096734022X16384451127384\">The Birth of Hirudiculture: Parisian Medicine, Leech Farming and the Transformation of Marshland in Nineteenth-Century France<\/a> Robert G.W. Kirk, Neil Pemberton and Thibaut Serviant-Fine<\/p>\n\n\n\n<p><a href=\"https:\/\/doi.org\/10.3197\/096734022X16552219786618\">From Reintroduction to Rewilding: Autonomy, Agency and the Messy Liberation of the European Bison<\/a> Monica Vasile<\/p>\n\n\n\n<p><a href=\"https:\/\/doi.org\/10.3197\/096734022X16627150608050\">How Bogs Made for Borderlands: The Eastern Low Countries, c. 670 \u2013 c. 1900 CE<\/a> Maurice Paulissen, Roy van Beek and Edward H. Huijbens<\/p>\n\n\n\n<p><a href=\"https:\/\/doi.org\/10.3197\/096734023X16702350656924\">Wild Smoke: Managing Forest Pollution in Northern British Columbia since 1950<\/a> Mica Jorgenson<\/p>\n\n\n\n<p><a href=\"https:\/\/liverpooluniversitypress.co.uk\/doi\/10.3828\/whp.eh.63830915903577\">Living With Water and Flood in Medieval and Early Modern Hull<\/a> Briony Mcdonagh, Hannah Worthen, Stewart Mottram, and Stormm Buxton-Hill<\/p>\n\n\n\n<p><a href=\"https:\/\/liverpooluniversitypress.co.uk\/doi\/10.3828\/whp.eh.63830915903591\">Agency under German Occupation: Conservationist Policy-Making in The Netherlands, 1940\u20131945<\/a> Kristian Mennen<\/p>\n\n\n\n<p><a href=\"https:\/\/liverpooluniversitypress.co.uk\/doi\/10.3828\/whp.eh.63830915903594\">Bad Weather and State-Building: Effective Urban Water Management during a Drought in Colonial Hong Kong, 1963\u20131964<\/a> David Clayton and Florence Mok<\/p>\n\n\n\n<p><a href=\"https:\/\/liverpooluniversitypress.co.uk\/doi\/10.3828\/whpeh.63861480327352\">Environmental Disasters and Place-Based Identity Formation: The Windstorm of 1870 and the 150-Year Czech Relationship with the Bohemian Forest<\/a> Karel Stibral, Veronika Faktorov\u00e1,and Michal Ho\u0159ej\u0161\u00ed<\/p>\n\n\n\n<p><a href=\"https:\/\/liverpooluniversitypress.co.uk\/doi\/10.3828\/whpeh.63861480327359\">The Long Shadow of the Pines: Vegetation in the Birth, Destruction and Reconstruction of Madrid\u2019s University City (1927\u20131956)<\/a> Santiago Gorostiza, Alejandro P\u00e9rez-Olivares, Daniel Oviedo Silva, and Jos\u00e9 Mar\u00eda S\u00e1nchez Laforet<\/p>\n\n\n\n<p><a href=\"https:\/\/liverpooluniversitypress.co.uk\/doi\/10.3828\/whpeh.63861480327369\">A Fishy Tale of the Nuclear Power Plant Never Built in Estonia: An Envirotechnical History of Energy, Fish, Land and Water Resources Planning at Lake V\u00f5rtsj\u00e4rv<\/a> Kati Lindstr\u00f6m and Achim Kl\u00fcppelberg<\/p>\n\n\n\n<p><a href=\"https:\/\/www.doi.org\/10.3828\/whpeh.63861480345886\">Multifunctional Landscapes in Central Mainland Portugal: The Royal Administration of Almeirim and Sustainable Land Use from the Fourteenth to the Sixteenth Century<\/a> Koldo Trapaga-Monchet and Ra\u00fal Romero-Calcerrada<\/p>\n\n\n\n<div style=\"height:10px\" aria-hidden=\"true\" class=\"wp-block-spacer\"><\/div>\n\n\n\n<h4 class=\"wp-block-heading\"><strong>Special Virtual Edition&nbsp;of&nbsp;<em>Environment and History<\/em><\/strong><\/h4>\n\n\n\n<p>In addition to these articles, \u2018<a href=\"https:\/\/www.whpress.co.uk\/publications\/2017\/07\/01\/environment-and-history-27-3-august-2021-2\/\" data-type=\"post\" data-id=\"1968\">Natures in Between<\/a>\u2019, a collection of 15 papers from the&nbsp;<em>Environment and History<\/em>&nbsp;archives, produced for the 2017 ESEH Conference in Zagreb, is available to download at no cost from this page in both&nbsp;<a href=\"https:\/\/www.whpress.co.uk\/Natures in Between.pdf\">PDF format<\/a>&nbsp;(3.8 MB, suitable for laptops and ipads) and&nbsp;<a href=\"https:\/\/www.whpress.co.uk\/Natures in Between.epub\">epub format<\/a>&nbsp;(1.9 MB, readable using ibooks and other mobile apps).<\/p>\n\n\n\n<div style=\"height:20px\" aria-hidden=\"true\" class=\"wp-block-spacer\"><\/div>\n\n\n\n<h3 class=\"wp-block-heading\">Free Online Articles<\/h3>\n\n\n\n<p><strong>Editorials<\/strong>, <strong>book reviews<\/strong> and <strong>Society Pages<\/strong> in our subscription journal backsets are free to read even in volumes where research articles remain gated (though we do retain copyright and re-use requires our permission). You may find this sort of material by browsing back issues hosted on our <a href=\"https:\/\/liverpooluniversitypress.co.uk\/topic\/imprints\/the-white-horse-press?target=titleSearch\">LUP site<\/a>.<\/p>\n\n\n\n<p>Book Reviews for <em><a href=\"http:\/\/www.whpress.co.uk\/publications\/eh-forthcoming#EHrev\" data-type=\"URL\" data-id=\"http:\/\/www.whpress.co.uk\/publications\/eh-forthcoming#EHrev\">Environment and History<\/a><\/em> are free to read on this website in advance of publication.<\/p>\n\n\n\n<div style=\"height:20px\" aria-hidden=\"true\" class=\"wp-block-spacer\"><\/div>\n\n\n\n<h3 class=\"wp-block-heading\">Society Benefits<\/h3>\n\n\n\n<p>Members of the&nbsp;<a href=\"http:\/\/www.eseh.org\/\">European Society for Environmental History<\/a> can receive free PDFs of the latest issues of <em>Environment and History<\/em>. Details available from the Society.<\/p>\n\n\n\n<div style=\"height:20px\" aria-hidden=\"true\" class=\"wp-block-spacer\"><\/div>\n\n\n\n<h3 class=\"wp-block-heading\"><strong>ENVIRONMENT AND SOCIETY PORTAL<\/strong><\/h3>\n\n\n\n<p>A number of our publications are open access or otherwise free to read on the Rachel Carson Center&#8217;s <a href=\"http:\/\/www.environmentandsociety.org\/\" data-type=\"URL\" data-id=\"http:\/\/www.environmentandsociety.org\/\">Environment and Society<\/a> portal.<\/p>\n\n\n\n<div style=\"height:20px\" aria-hidden=\"true\" class=\"wp-block-spacer\"><\/div>\n","protected":false},"excerpt":{"rendered":"<p>BOOKS All of our new and forthcoming books, and some of our older ones, are Open Access and free for anyone to [&hellip;]<\/p>\n","protected":false},"author":1,"featured_media":0,"parent":0,"menu_order":0,"comment_status":"closed","ping_status":"closed","template":"","meta":{"footnotes":""},"class_list":["post-783","page","type-page","status-publish","hentry"],"_links":{"self":[{"href":"https:\/\/www.whpress.co.uk\/publications\/wp-json\/wp\/v2\/pages\/783","targetHints":{"allow":["GET"]}}],"collection":[{"href":"https:\/\/www.whpress.co.uk\/publications\/wp-json\/wp\/v2\/pages"}],"about":[{"href":"https:\/\/www.whpress.co.uk\/publications\/wp-json\/wp\/v2\/types\/page"}],"author":[{"embeddable":true,"href":"https:\/\/www.whpress.co.uk\/publications\/wp-json\/wp\/v2\/users\/1"}],"replies":[{"embeddable":true,"href":"https:\/\/www.whpress.co.uk\/publications\/wp-json\/wp\/v2\/comments?post=783"}],"version-history":[{"count":47,"href":"https:\/\/www.whpress.co.uk\/publications\/wp-json\/wp\/v2\/pages\/783\/revisions"}],"predecessor-version":[{"id":6586,"href":"https:\/\/www.whpress.co.uk\/publications\/wp-json\/wp\/v2\/pages\/783\/revisions\/6586"}],"wp:attachment":[{"href":"https:\/\/www.whpress.co.uk\/publications\/wp-json\/wp\/v2\/media?parent=783"}],"curies":[{"name":"wp","href":"https:\/\/api.w.org\/{rel}","templated":true}]}}